{"text_format":"1","workbook":"xlsx","n_sheets":3,"sheets":["Стронг","Table","Лист1"],"not_rendered":{"charts":0,"images":0,"macros":1,"external_links":0,"defined_names":18,"comments":0,"pivot_tables":0},"unopened":[],"bounds":{"document_bytes":16777216,"sheet_cells":100000,"rows_first":2000,"rows_last":500,"rows_between":2000,"halvings":0,"cell_chars":16384,"cell_head_chars":4096},"cells_cut":0,"cells_raw":0,"read":"whole","date_system":"1900"}

{"sheet":"Стронг","index":0,"n_rows":40,"n_cols":10,"rows_kept":40,"cut":false,"hidden":false,"merged":[[36,0,36,2],[21,0,21,2],[22,0,22,2],[23,0,23,2],[24,0,24,2],[25,0,25,2],[26,0,26,2],[12,0,12,2],[13,0,13,2],[14,0,14,2],[15,0,15,2],[16,0,16,2],[17,0,17,2],[18,0,18,2],[19,0,19,2],[20,0,20,2],[3,0,3,2],[4,0,4,2],[5,0,5,2],[6,0,6,2],[7,0,7,2],[8,0,8,2],[9,0,9,2],[10,0,10,2],[11,0,11,2],[0,7,0,8],[28,0,28,2],[38,2,38,8],[38,0,38,1],[0,0,0,1],[37,0,37,4],[0,2,0,4],[35,0,35,2],[39,0,39,8],[1,0,1,4],[2,0,2,2]]}
["0 руб",null,"НАКЛАДНАЯ №",null,null,"Р","от"," \" 00 \" марта 2019 г. "]
["Наименование","Доставка",null,null,null,"Ед.изм.   ","Кол-во","Цена","Сумма",{"$f":"IF(AND(J36=\"\",#REF!=\"\",J38=\"\",J39=\"\",#REF!=\"\",#REF!=\"\",#REF!=\"\",#REF!=\"\",#REF!=\"\",J40=\"\",#REF!=\"\",#REF!=\"\",#REF!=\"\",#REF!=\"\",#REF!=\"\"),0,SUM(J36:J40)/COUNT(J36:J40))","v":{"$error":"#REF!"}}]
["Мет. штакет Стронг односторонний (11,7см)   h  "]
["Мет. штакет Стронг двухсторонний (11,7см)   h  ",null,null,null,null,"ral 8017","оцинк",310]
["Мет. штакет Стронг Printech 1-стр (11,7см)   h  ",null,null,null,null,"ral 6005","1-стр",360]
["Мет. штакет Стронг Printech 2-стр (11,7см)   h  ",null,null,null,null,"ral 3005","2-стр",400]
[null,null,null,null,null,"ral 7004","1-стр пр",520]
["Профнастил оцинкованный МП-20 (С20) h",null,null,null,null,"ral 5005","2-стр пр",580]
["Профнастил односторонний МП-20 (С20) h",null,null,null,null,"ral 9003","2-стр пр",680]
["Профнастил двухсторонний МП-20 (С20) h",null,null,null,null,"ral 1014","оцинк",275]
["Профнастил  1-стр Printech МП-20 (С20) h",null,null,null,null,"ral 1015","1-стр",295]
["Профнастил  2-стр Printech МП-20 (С20) h",null,null,null,null,"ral 7024"]
["Профнастил оцинкованный С8 h",null,null,null,null,"ral 6021","1-стр",{"$f":"54-IF(A1=\"1 руб\",1,IF(A1=\"2 руб\",2,IF(A1=\"3 руб\",3,IF(A1=\"4 руб\",4,IF(A1=\"5 руб\",5,0)))))","v":54},"0 руб"]
["Профнастил односторонний С8 h",null,null,null,null,"ral 8023","1-стр",{"$f":"56-IF(A1=\"1 руб\",1,IF(A1=\"2 руб\",2,IF(A1=\"3 руб\",3,IF(A1=\"4 руб\",4,IF(A1=\"5 руб\",5,0)))))","v":56},"1 руб"]
[null,null,null,null,null,"ral 1018","2-стр",{"$f":"58-IF(A1=\"1 руб\",1,IF(A1=\"2 руб\",2,IF(A1=\"3 руб\",3,IF(A1=\"4 руб\",4,IF(A1=\"5 руб\",5,0)))))","v":58},"2 руб"]
["Саморез кровельный окрашенный  4,8х19 мм",null,null,2,null,"мор.дуб","2-стр",{"$f":"60-IF(A1=\"1 руб\",1,IF(A1=\"2 руб\",2,IF(A1=\"3 руб\",3,IF(A1=\"4 руб\",4,IF(A1=\"5 руб\",5,0)))))","v":60},"3 руб"]
["Саморез окрашенный с прессшайбой 4,2х13 мм",null,null,1,null,"ант.дуб","1-стр пр",{"$f":"75-IF(A1=\"1 руб\",1,IF(A1=\"2 руб\",2,IF(A1=\"3 руб\",3,IF(A1=\"4 руб\",4,IF(A1=\"5 руб\",5,0)))))","v":75},"4 руб"]
[null,null,null,null,null,"зол.дуб","2-стр пр",{"$f":"85-IF(A1=\"1 руб\",1,IF(A1=\"2 руб\",2,IF(A1=\"3 руб\",3,IF(A1=\"4 руб\",4,IF(A1=\"5 руб\",5,0)))))","v":85},"5 руб"]
["Заглушка пластиковая 60*60 мм",null,null,20,null,"сосна","2-стр пр",{"$f":"95-IF(A1=\"1 руб\",1,IF(A1=\"2 руб\",2,IF(A1=\"3 руб\",3,IF(A1=\"4 руб\",4,IF(A1=\"5 руб\",5,0)))))","v":95}]
["Заглушка пластиковая 80*80 мм",null,null,40]
["Заглушка пластиковая 60*40 мм",null,null,18]
["Заглушка пластиковая 40*20 мм",null,null,8]
["Заглушка пластиковая Домик 60*60 мм ",null,null,30]
[]
["Столб 60*60*2 мм. h",null,null,null,null,null,null,210,50]
["Столб 80*80*2 мм. h",null,null,null,null,null,null,300,70]
["Труба профильная 40*20*1,5 мм. l",null,null,null,null,null,null,90,35]
[]
["Доставка по Москве 1500р. (от мкад 20 руб/км)"]
[]
[]
[]
[]
[]
[]
["Мет. штакет Стронг односторонний (11,7см) h  ",null,null,2,{"$f":"IF(ISNUMBER(SEARCH(\"профнастил\",A36)),$E$36,IF(ISNUMBER(SEARCH(\"доставка\",A36)),\"км\",IF(ISNUMBER(SEARCH(\"труба\",A36)),\"грунт\",IF(ISNUMBER(SEARCH(\"столб\",A36)),\"грунт\",IF(ISNUMBER(SEARCH(\"саморез\",A36)),$E$36,IF(ISNUMBER(SEARCH(\"штакет\",A36)),\"ral 00\",\"\"))))))","v":"ral 00"},{"$f":"IF(AND(D36=1,ISNUMBER(SEARCH(\"*40*20*\",A36))),\"м/п\",\"шт.\")","v":"шт."},1,"ЕСЛИ(И(A36=Table!$A$3;ИЛИ(ЕЧИСЛО(ПОИСК(\"3005\";E36));(ЕЧИСЛО(ПОИСК(\"6005\";E36)));(ЕЧИСЛО(ПОИСК(\"8017\";E36)));(ЕЧИСЛО(ПОИСК(\"7004\";E36)))));D36*Table!$E$3;\nЕСЛИ(И(A36=Table!$A$3;ИЛИ(ЕЧИСЛО(ПОИСК(\"5005\";E36));(ЕЧИСЛО(ПОИСК(\"9003\";E36)));(ЕЧИСЛО(ПОИСК(\"1014\";E36)));(ЕЧИСЛО(ПОИСК(\"6021\";E36)));(ЕЧИСЛО(ПОИСК(\"8023\";E36)));(ЕЧИСЛО(ПОИСК(\"1018\";E36)));(ЕЧИСЛО(ПОИСК(\"9006\";E36)))));D36*Table!$F$3;\nЕСЛИ(И(A36=Table!$A$4;ИЛИ(ЕЧИСЛО(ПОИСК(\"3005\";E36));(ЕЧИСЛО(ПОИСК(\"6005\";E36)));(ЕЧИСЛО(ПОИСК(\"8017\";E36)))));D36*Table!$E$4;\nЕСЛИ(И(A36=Table!$A$4;ИЛИ(ЕЧИСЛО(ПОИСК(\"1015\";E36));(ЕЧИСЛО(ПОИСК(\"1014\";E36)));(ЕЧИСЛО(ПОИСК(\"9003\";E36)));(ЕЧИСЛО(ПОИСК(\"7024\";E36)))));D36*Table!$F$4;\nЕСЛИ(A36=Table!$A$5;D36*Table!$E$5;\nЕСЛИ(И(A36=Table!$A$6;ИЛИ(ЕЧИСЛО(ПОИСК(\"сосна\";E36));(ЕЧИСЛО(ПОИСК(\"мор.дуб\";E36)))));D36*Table!$E$6;\nЕСЛИ(И(A36=Table!$A$6;ИЛИ(ЕЧИСЛО(ПОИСК(\"зол.дуб\";E36));(ЕЧИСЛО(ПОИСК(\"ант.дуб\";E36)))));D36*Table!$F$6;\nЕСЛИ(A36=Table!$A$7;D36*Table!$E$7;\nЕСЛИ(A36=Table!$A$8;D36*Table!$E$8;\nЕСЛИ(A36=Table!$A$9;D36*Table!$E$9;\nЕСЛИ(A36=Table!$A$10;D36*Table!$E$10;\nЕСЛИ(И(A36=Table!$A$11;ИЛИ(ЕЧИСЛО(ПОИСК(\"сосна\";E36));(ЕЧИСЛО(ПОИСК(\"мор.дуб\";E36)))));D36*Table!$E$11;\nЕСЛИ(И(A36=Table!$A$11;ИЛИ(ЕЧИСЛО(ПОИСК(\"зол.дуб\";E36));(ЕЧИСЛО(ПОИСК(\"ант.дуб\";E36)))));D36*Table!$F$11;\nЕСЛИ(A36=Table!$A$12;D36*Table!$E$12;\nЕСЛИ(A36=Table!$A$13;D36*Table!$E$13;\nЕСЛИ(И(A36=Table!$A$21;ЕЧИСЛО(ПОИСК(\"ral\";E36)));D36*Table!$F$21;\nЕСЛИ(И(A36=Table!$A$21;ЕЧИСЛО(ПОИСК(\"грун\";E36)));D36*Table!$E$21;\nЕСЛИ(И(A36=Table!$A$22;ЕЧИСЛО(ПОИСК(\"ral\";E36)));D36*Table!$F$22;\nЕСЛИ(И(A36=Table!$A$22;ЕЧИСЛО(ПОИСК(\"грун\";E36)));D36*Table!$E$22;\nЕСЛИ(И(A36=Table!$A$23;D36=2;ЕЧИСЛО(ПОИСК(\"грун\";E36)));170;\nЕСЛИ(И(A36=Table!$A$23;D36=2,5;ЕЧИСЛО(ПОИСК(\"грун\";E36)));230;\nЕСЛИ(И(A36=Table!$A$23;D36=3;ЕЧИСЛО(ПОИСК(\"грун\";E36)));255;\nЕСЛИ(И(A36=Table!$A$23;D36=2;ЕЧИСЛО(ПОИСК(\"ral\";E36)));240;\nЕСЛИ(И(A36=Table!$A$23;D36=2,5;ЕЧИСЛО(ПОИСК(\"ral\";E36)));315;\nЕСЛИ(И(A36=Table!$A$23;D36=3;ЕЧИСЛО(ПОИСК(\"ral\";E36)));360;\nЕСЛИ(A36=Table!$A$24;1500+(D36*G36*20;\nЕСЛИ(И(A36=Table!$A$25;ЕЧИСЛО(ПОИСК(\"ral\";E36)));D36*Table!$F$25;\nЕСЛИ(И(A36=Table!$A$25;ЕЧИСЛО(ПОИСК(\"грун\";E36)));D36*Table!$E$25;\nЕСЛИ(A36=Table!$A$26;D36*Table!$E$26;\nЕСЛИ(A36=Table!$A$27;D36*Table!$E$27;\nЕСЛИ(A36=Table!$A$28;D36*Table!$E$28;\nЕСЛИ(A36=Table!$A$29;D36*Table!$E$29;\nЕСЛИ(A36=Table!$A$30;D36*Table!$E$30;\nЕСЛИ(A36=Table!$A$31;D36*Table!$E$31;\nЕСЛИ(A36=Table!$A$32;D36*Table!$E$32;\nЕСЛИ(A36=Table!$A$33;D36*Table!$E$33;\nЕСЛИ(A36=Table!$A$34;D36*Table!$E$34;\nЕСЛИ(A36=Table!$A$35;D36*Table!$E$35;\nЕСЛИ(A36=Table!$A$36;D36*Table!$E$36;\nЕСЛИ(A36=Table!$A$37;D36*Table!$E$37;\nЕСЛИ(A36=Table!$A$38;Table!$E$38;\nЕСЛИ(A36=Table!$A$39;Table!$E$39;\nЕСЛИ(A36=Table!$A$40;Table!$E$40;\nЕСЛИ(A36=Table!$A$41;Table!$E$41;\nЕСЛИ(A36=Table!$A$42;Table!$E$42;\nЕСЛИ(A36=Table!$A$43;Table!$E$43;\nЕСЛИ(И(ЕЧИСЛО(ПОИСК(\"ворота\";A36));ЕЧИСЛО(ПОИСК(\"h2м\";A36));ЕЧИСЛО(ПОИСК(\"ral\";E36)));Table!$F$44;\nЕСЛИ(И(ЕЧИСЛО(ПОИСК(\"ворота\";A36));ЕЧИСЛО(ПОИСК(\"h2,2м\";A36));ЕЧИСЛО(ПОИСК(\"ral\";E36)));Table!$F$45;\nЕСЛИ(И(ЕЧИСЛО(ПОИСК(\"ворота\";A36));ЕЧИСЛО(ПОИСК(\"h2,5м\";A36));ЕЧИСЛО(ПОИСК(\"ral\";E36)));Table!$F$46;\nЕСЛИ(И(ЕЧИСЛО(ПОИСК(\"ворота\";A36));ЕЧИСЛО(ПОИСК(\"h2м\";A36));ЕЧИСЛО(ПОИСК(\"грун\";E36)));Table!$E$44;\nЕСЛИ(И(ЕЧИСЛО(ПОИСК(\"ворота\";A36));ЕЧИСЛО(ПОИСК(\"h2,2м\";A36));ЕЧИСЛО(ПОИСК(\"грун\";E36)));Table!$E$45;\nЕСЛИ(И(ЕЧИСЛО(ПОИСК(\"ворота\";A36));ЕЧИСЛО(ПОИСК(\"h2,5м\";A36));ЕЧИСЛО(ПОИСК(\"грун\";E36)));Table!$E$46;\nЕСЛИ(И(ЕЧИСЛО(ПОИСК(\"калитка\";A36));ЕЧИСЛО(ПОИСК(\"h2м\";A36));ЕЧИСЛО(ПОИСК(\"ral\";E36)));Table!$F$47;\nЕСЛИ(И(ЕЧИСЛО(ПОИСК(\"калитка\";A36));ЕЧИСЛО(ПОИСК(\"h2,2м\";A36));ЕЧИСЛО(ПОИСК(\"ral\";E36)));Table!$F$48;\nЕСЛИ(И(ЕЧИСЛО(ПОИСК(\"калитка\";A36));ЕЧИСЛО(ПОИСК(\"h2,5м\";A36));ЕЧИСЛО(ПОИСК(\"ral\";E36)));Table!$F$49;\nЕСЛИ(И(ЕЧИСЛО(ПОИСК(\"калитка\";A36));ЕЧИСЛО(ПОИСК(\"h2м\";A36));ЕЧИСЛО(ПОИСК(\"грун\";E36)));Table!$E$47;\nЕСЛИ(И(ЕЧИСЛО(ПОИСК(\"калитка\";A36));ЕЧИСЛО(ПОИСК(\"h2,2м\";A36));ЕЧИСЛО(ПОИСК(\"грун\";E36)));Table!$E$48;\nЕСЛИ(И(ЕЧИСЛО(ПОИСК(\"калитка\";A36));ЕЧИСЛО(ПОИСК(\"h2,5м\";A36));ЕЧИСЛО(ПОИСК(\"грун\";E36)));Table!$E$49;\n))))))))))))))))))))))))))))))))))",{"$f":"G36*H36","v":{"$error":"#VALUE!"}},{"$f":"IF(AND(A36=$A$3,OR(ISNUMBER(SEARCH(\"3005\",E36)),ISNUMBER(SEARCH(\"6005\",E36)),ISNUMBER(SEARCH(\"7004\",E36)),ISNUMBER(SEARCH(\"8017\",E36)))),H36/D36/$H$13,\nIF(AND(A36=$A$3,OR(ISNUMBER(SEARCH(\"5005\",E36)),ISNUMBER(SEARCH(\"9003\",E36)),ISNUMBER(SEARCH(\"1014\",E36)),ISNUMBER(SEARCH(\"6021\",E36)),ISNUMBER(SEARCH(\"8023\",E36)),ISNUMBER(SEARCH(\"1018\",E36)),ISNUMBER(SEARCH(\"9006\",E36)))),H36/D36/$H$14,\nIF(AND(A36=$A$4,OR(ISNUMBER(SEARCH(\"3005\",E36)),ISNUMBER(SEARCH(\"6005\",E36)),ISNUMBER(SEARCH(\"8017\",E36)))),H36/D36/$H$15,\nIF(AND(A36=$A$4,OR(ISNUMBER(SEARCH(\"1015\",E36)),ISNUMBER(SEARCH(\"1014\",E36)),ISNUMBER(SEARCH(\"9003\",E36)),ISNUMBER(SEARCH(\"7024\",E36)))),H36/D36/$H$16,\nIF(AND(A36=$A$5,OR(ISNUMBER(SEARCH(\"дуб\",E36)),ISNUMBER(SEARCH(\"сосна\",E36)),ISNUMBER(SEARCH(\"дуб\",E36)))),H36/D36/$H$17,\nIF(AND(A36=$A$6,OR(ISNUMBER(SEARCH(\"дуб\",E36)),ISNUMBER(SEARCH(\"сосна\",E36)),ISNUMBER(SEARCH(\"дуб\",E36)))),H36/D36/$H$18,\"\"))))))","v":""}]
["Мет. штакет Стронг односторонний (11,7см) h  ",null,null,2,{"$f":"IF(ISNUMBER(SEARCH(\"профнастил\",A37)),$E$36,IF(ISNUMBER(SEARCH(\"доставка\",A37)),\"км\",IF(ISNUMBER(SEARCH(\"труба\",A37)),\"грунт\",IF(ISNUMBER(SEARCH(\"столб\",A37)),\"грунт\",IF(ISNUMBER(SEARCH(\"саморез\",A37)),$E$36,IF(ISNUMBER(SEARCH(\"штакет\",A37)),\"ral 00\",\"\"))))))","v":"ral 00"},{"$f":"IF(AND(D37=1,ISNUMBER(SEARCH(\"*40*20*\",A37))),\"м/п\",\"шт.\")","v":"шт."},1,"ЕСЛИ(И(A36=Table!$A$3;ИЛИ(ЕЧИСЛО(ПОИСК(\"3005\";E36));(ЕЧИСЛО(ПОИСК(\"6005\";E36)));(ЕЧИСЛО(ПОИСК(\"8017\";E36)));(ЕЧИСЛО(ПОИСК(\"7004\";E36)))));D36*Table!$E$3;\nЕСЛИ(И(A36=Table!$A$3;ИЛИ(ЕЧИСЛО(ПОИСК(\"5005\";E36));(ЕЧИСЛО(ПОИСК(\"9003\";E36)));(ЕЧИСЛО(ПОИСК(\"1014\";E36)));(ЕЧИСЛО(ПОИСК(\"6021\";E36)));(ЕЧИСЛО(ПОИСК(\"8023\";E36)));(ЕЧИСЛО(ПОИСК(\"1018\";E36)));(ЕЧИСЛО(ПОИСК(\"9006\";E36)))));D36*Table!$F$3;\nЕСЛИ(И(A36=Table!$A$4;ИЛИ(ЕЧИСЛО(ПОИСК(\"3005\";E36));(ЕЧИСЛО(ПОИСК(\"6005\";E36)));(ЕЧИСЛО(ПОИСК(\"8017\";E36)))));D36*Table!$E$4;\nЕСЛИ(И(A36=Table!$A$4;ИЛИ(ЕЧИСЛО(ПОИСК(\"1015\";E36));(ЕЧИСЛО(ПОИСК(\"1014\";E36)));(ЕЧИСЛО(ПОИСК(\"9003\";E36)));(ЕЧИСЛО(ПОИСК(\"7024\";E36)))));D36*Table!$F$4;\nЕСЛИ(A36=Table!$A$5;D36*Table!$E$5;\nЕСЛИ(И(A36=Table!$A$6;ИЛИ(ЕЧИСЛО(ПОИСК(\"сосна\";E36));(ЕЧИСЛО(ПОИСК(\"мор.дуб\";E36)))));D36*Table!$E$6;\nЕСЛИ(И(A36=Table!$A$6;ИЛИ(ЕЧИСЛО(ПОИСК(\"зол.дуб\";E36));(ЕЧИСЛО(ПОИСК(\"ант.дуб\";E36)))));D36*Table!$F$6;\nЕСЛИ(A36=Table!$A$7;D36*Table!$E$7;\nЕСЛИ(A36=Table!$A$8;D36*Table!$E$8;\nЕСЛИ(A36=Table!$A$9;D36*Table!$E$9;\nЕСЛИ(A36=Table!$A$10;D36*Table!$E$10;\nЕСЛИ(И(A36=Table!$A$11;ИЛИ(ЕЧИСЛО(ПОИСК(\"сосна\";E36));(ЕЧИСЛО(ПОИСК(\"мор.дуб\";E36)))));D36*Table!$E$11;\nЕСЛИ(И(A36=Table!$A$11;ИЛИ(ЕЧИСЛО(ПОИСК(\"зол.дуб\";E36));(ЕЧИСЛО(ПОИСК(\"ант.дуб\";E36)))));D36*Table!$F$11;\nЕСЛИ(A36=Table!$A$12;D36*Table!$E$12;\nЕСЛИ(A36=Table!$A$13;D36*Table!$E$13;\nЕСЛИ(И(A36=Table!$A$21;ЕЧИСЛО(ПОИСК(\"ral\";E36)));D36*Table!$F$21;\nЕСЛИ(И(A36=Table!$A$21;ЕЧИСЛО(ПОИСК(\"грун\";E36)));D36*Table!$E$21;\nЕСЛИ(И(A36=Table!$A$22;ЕЧИСЛО(ПОИСК(\"ral\";E36)));D36*Table!$F$22;\nЕСЛИ(И(A36=Table!$A$22;ЕЧИСЛО(ПОИСК(\"грун\";E36)));D36*Table!$E$22;\nЕСЛИ(И(A36=Table!$A$23;D36=2;ЕЧИСЛО(ПОИСК(\"грун\";E36)));170;\nЕСЛИ(И(A36=Table!$A$23;D36=2,5;ЕЧИСЛО(ПОИСК(\"грун\";E36)));230;\nЕСЛИ(И(A36=Table!$A$23;D36=3;ЕЧИСЛО(ПОИСК(\"грун\";E36)));255;\nЕСЛИ(И(A36=Table!$A$23;D36=2;ЕЧИСЛО(ПОИСК(\"ral\";E36)));240;\nЕСЛИ(И(A36=Table!$A$23;D36=2,5;ЕЧИСЛО(ПОИСК(\"ral\";E36)));315;\nЕСЛИ(И(A36=Table!$A$23;D36=3;ЕЧИСЛО(ПОИСК(\"ral\";E36)));360;\nЕСЛИ(A36=Table!$A$24;1500+(D36*G36*20;\nЕСЛИ(И(A36=Table!$A$25;ЕЧИСЛО(ПОИСК(\"ral\";E36)));D36*Table!$F$25;\nЕСЛИ(И(A36=Table!$A$25;ЕЧИСЛО(ПОИСК(\"грун\";E36)));D36*Table!$E$25;\nЕСЛИ(A36=Table!$A$26;D36*Table!$E$26;\nЕСЛИ(A36=Table!$A$27;D36*Table!$E$27;\nЕСЛИ(A36=Table!$A$28;D36*Table!$E$28;\nЕСЛИ(A36=Table!$A$29;D36*Table!$E$29;\nЕСЛИ(A36=Table!$A$30;D36*Table!$E$30;\nЕСЛИ(A36=Table!$A$31;D36*Table!$E$31;\nЕСЛИ(A36=Table!$A$32;D36*Table!$E$32;\nЕСЛИ(A36=Table!$A$33;D36*Table!$E$33;\nЕСЛИ(A36=Table!$A$34;D36*Table!$E$34;\nЕСЛИ(A36=Table!$A$35;D36*Table!$E$35;\nЕСЛИ(A36=Table!$A$36;D36*Table!$E$36;\nЕСЛИ(A36=Table!$A$37;D36*Table!$E$37;\nЕСЛИ(A36=Table!$A$38;Table!$E$38;\nЕСЛИ(A36=Table!$A$39;Table!$E$39;\nЕСЛИ(A36=Table!$A$40;Table!$E$40;\nЕСЛИ(A36=Table!$A$41;Table!$E$41;\nЕСЛИ(A36=Table!$A$42;Table!$E$42;\nЕСЛИ(A36=Table!$A$43;Table!$E$43;\nЕСЛИ(И(ЕЧИСЛО(ПОИСК(\"ворота\";A36));ЕЧИСЛО(ПОИСК(\"h2м\";A36));ЕЧИСЛО(ПОИСК(\"ral\";E36)));Table!$F$44;\nЕСЛИ(И(ЕЧИСЛО(ПОИСК(\"ворота\";A36));ЕЧИСЛО(ПОИСК(\"h2,2м\";A36));ЕЧИСЛО(ПОИСК(\"ral\";E36)));Table!$F$45;\nЕСЛИ(И(ЕЧИСЛО(ПОИСК(\"ворота\";A36));ЕЧИСЛО(ПОИСК(\"h2,5м\";A36));ЕЧИСЛО(ПОИСК(\"ral\";E36)));Table!$F$46;\nЕСЛИ(И(ЕЧИСЛО(ПОИСК(\"ворота\";A36));ЕЧИСЛО(ПОИСК(\"h2м\";A36));ЕЧИСЛО(ПОИСК(\"грун\";E36)));Table!$E$44;\nЕСЛИ(И(ЕЧИСЛО(ПОИСК(\"ворота\";A36));ЕЧИСЛО(ПОИСК(\"h2,2м\";A36));ЕЧИСЛО(ПОИСК(\"грун\";E36)));Table!$E$45;\nЕСЛИ(И(ЕЧИСЛО(ПОИСК(\"ворота\";A36));ЕЧИСЛО(ПОИСК(\"h2,5м\";A36));ЕЧИСЛО(ПОИСК(\"грун\";E36)));Table!$E$46;\nЕСЛИ(И(ЕЧИСЛО(ПОИСК(\"калитка\";A36));ЕЧИСЛО(ПОИСК(\"h2м\";A36));ЕЧИСЛО(ПОИСК(\"ral\";E36)));Table!$F$47;\nЕСЛИ(И(ЕЧИСЛО(ПОИСК(\"калитка\";A36));ЕЧИСЛО(ПОИСК(\"h2,2м\";A36));ЕЧИСЛО(ПОИСК(\"ral\";E36)));Table!$F$48;\nЕСЛИ(И(ЕЧИСЛО(ПОИСК(\"калитка\";A36));ЕЧИСЛО(ПОИСК(\"h2,5м\";A36));ЕЧИСЛО(ПОИСК(\"ral\";E36)));Table!$F$49;\nЕСЛИ(И(ЕЧИСЛО(ПОИСК(\"калитка\";A36));ЕЧИСЛО(ПОИСК(\"h2м\";A36));ЕЧИСЛО(ПОИСК(\"грун\";E36)));Table!$E$47;\nЕСЛИ(И(ЕЧИСЛО(ПОИСК(\"калитка\";A36));ЕЧИСЛО(ПОИСК(\"h2,2м\";A36));ЕЧИСЛО(ПОИСК(\"грун\";E36)));Table!$E$48;\nЕСЛИ(И(ЕЧИСЛО(ПОИСК(\"калитка\";A36));ЕЧИСЛО(ПОИСК(\"h2,5м\";A36));ЕЧИСЛО(ПОИСК(\"грун\";E36)));Table!$E$49;\n))))))))))))))))))))))))))))))))))",{"$f":"G37*H37","v":{"$error":"#VALUE!"}},{"$f":"IF(AND(A37=$A$3,OR(ISNUMBER(SEARCH(\"3005\",E37)),ISNUMBER(SEARCH(\"6005\",E37)),ISNUMBER(SEARCH(\"7004\",E37)),ISNUMBER(SEARCH(\"8017\",E37)))),H37/D37/$H$13,\nIF(AND(A37=$A$3,OR(ISNUMBER(SEARCH(\"5005\",E37)),ISNUMBER(SEARCH(\"9003\",E37)),ISNUMBER(SEARCH(\"1014\",E37)),ISNUMBER(SEARCH(\"6021\",E37)),ISNUMBER(SEARCH(\"8023\",E37)),ISNUMBER(SEARCH(\"1018\",E37)),ISNUMBER(SEARCH(\"9006\",E37)))),H37/D37/$H$14,\nIF(AND(A37=$A$4,OR(ISNUMBER(SEARCH(\"3005\",E37)),ISNUMBER(SEARCH(\"6005\",E37)),ISNUMBER(SEARCH(\"8017\",E37)))),H37/D37/$H$15,\nIF(AND(A37=$A$4,OR(ISNUMBER(SEARCH(\"1015\",E37)),ISNUMBER(SEARCH(\"1014\",E37)),ISNUMBER(SEARCH(\"9003\",E37)),ISNUMBER(SEARCH(\"7024\",E37)))),H37/D37/$H$16,\nIF(AND(A37=$A$5,OR(ISNUMBER(SEARCH(\"дуб\",E37)),ISNUMBER(SEARCH(\"сосна\",E37)),ISNUMBER(SEARCH(\"дуб\",E37)))),H37/D37/$H$17,\nIF(AND(A37=$A$6,OR(ISNUMBER(SEARCH(\"дуб\",E37)),ISNUMBER(SEARCH(\"сосна\",E37)),ISNUMBER(SEARCH(\"дуб\",E37)))),H37/D37/$H$18,\"\"))))))","v":""}]
[null,null,null,null,null,"Сметная стоимость",null,null,{"$f":"SUM(I$36:I37)","v":{"$error":"#VALUE!"}},{"$f":"IF(AND(A38=$A$3,OR(ISNUMBER(SEARCH(\"3005\",E38)),ISNUMBER(SEARCH(\"6005\",E38)),ISNUMBER(SEARCH(\"7004\",E38)),ISNUMBER(SEARCH(\"8017\",E38)))),H38/D38/$H$13,\nIF(AND(A38=$A$3,OR(ISNUMBER(SEARCH(\"5005\",E38)),ISNUMBER(SEARCH(\"9003\",E38)),ISNUMBER(SEARCH(\"1014\",E38)),ISNUMBER(SEARCH(\"6021\",E38)),ISNUMBER(SEARCH(\"8023\",E38)),ISNUMBER(SEARCH(\"1018\",E38)),ISNUMBER(SEARCH(\"9006\",E38)))),H38/D38/$H$14,\nIF(AND(A38=$A$4,OR(ISNUMBER(SEARCH(\"3005\",E38)),ISNUMBER(SEARCH(\"6005\",E38)),ISNUMBER(SEARCH(\"8017\",E38)))),H38/D38/$H$15,\nIF(AND(A38=$A$4,OR(ISNUMBER(SEARCH(\"1015\",E38)),ISNUMBER(SEARCH(\"1014\",E38)),ISNUMBER(SEARCH(\"9003\",E38)),ISNUMBER(SEARCH(\"7024\",E38)))),H38/D38/$H$16,\nIF(AND(A38=$A$5,OR(ISNUMBER(SEARCH(\"дуб\",E38)),ISNUMBER(SEARCH(\"сосна\",E38)),ISNUMBER(SEARCH(\"дуб\",E38)))),H38/D38/$H$17,\nIF(AND(A38=$A$6,OR(ISNUMBER(SEARCH(\"дуб\",E38)),ISNUMBER(SEARCH(\"сосна\",E38)),ISNUMBER(SEARCH(\"дуб\",E38)))),H38/D38/$H$18,\"\"))))))","v":""}]
["Итого:",null,{"$f":"SUBSTITUTE(PROPER(INDEX(n_4,MID(TEXT(I38,n0),1,1)+1)&INDEX(n0x,MID(TEXT(I38,n0),2,1)+1,MID(TEXT(I38,n0),3,1)+1)&IF(-MID(TEXT(I38,n0),1,3),\"миллиард\"&VLOOKUP(MID(TEXT(I38,n0),3,1)*AND(MID(TEXT(I38,n0),2,1)-1),мил,2),\"\")&INDEX(n_4,MID(TEXT(I38,n0),4,1)+1)&INDEX(n0x,MID(TEXT(I38,n0),5,1)+1,MID(TEXT(I38,n0),6,1)+1)&IF(-MID(TEXT(I38,n0),4,3),\"миллион\"&VLOOKUP(MID(TEXT(I38,n0),6,1)*AND(MID(TEXT(I38,n0),5,1)-1),мил,2),\"\")&INDEX(n_4,MID(TEXT(I38,n0),7,1)+1)&INDEX(n1x,MID(TEXT(I38,n0),8,1)+1,MID(TEXT(I38,n0),9,1)+1)&IF(-MID(TEXT(I38,n0),7,3),VLOOKUP(MID(TEXT(I38,n0),9,1)*AND(MID(TEXT(I38,n0),8,1)-1),тыс,2),\"\")&INDEX(n_4,MID(TEXT(I38,n0),10,1)+1)&INDEX(n0x,MID(TEXT(I38,n0),11,1)+1,MID(TEXT(I38,n0),12,1)+1)),\"z\",\" \")&IF(TRUNC(TEXT(I38,n0)),\"\",\"Ноль \")&\"рубл\"&VLOOKUP(MOD(MAX(MOD(MID(TEXT(I38,n0),11,2)-11,100),9),10),{0,\"ь \";1,\"я \";4,\"ей \"},2)&RIGHT(TEXT(I38,n0),2)&\" копе\"&VLOOKUP(MOD(MAX(MOD(RIGHT(TEXT(I38,n0),2)-11,100),9),10),{0,\"йка\";1,\"йки\";4,\"ек\"},2)","v":{"$error":"#VALUE!"}},null,null,null,null,null,null,""]
["          -          -                                                                                                                               -         -         ",null,null,null,null,null,null,null,null,""]

{"sheet":"Table","index":1,"n_rows":78,"n_cols":3,"rows_kept":78,"cut":false,"hidden":false,"merged":[]}
[]
["Город","Цена","Цена2"]
["Мет. штакет Стронг односторонний (11,7см) h  ",54,56]
["Мет. штакет Стронг двухсторонний (11,7см) h  ",56,58]
["Мет. штакет Стронг Printech 1-стр (11,7см) h  ",75]
["Мет. штакет Стронг Printech 2-стр (11,7см) h  ",85,95]
["Профнастил оцинкованный МП-20 (С20) 0,5мм h",370]
["Профнастил односторонний МП-20 (С20) 0,5мм h",390]
["Профнастил двухсторонний МП-20 (С20) 0,5мм h",420]
["Профнастил 1-стр Printech МП-20 (С20) 0,5мм h",560]
["Профнастил 2-стр Printech МП-20 (С20) 0,5мм h",620]
["Профнастил оцинкованный С8 0,4мм h",340]
["Профнастил односторонний С8 0,4мм h",360]
["Саморез кровельный окрашенный  4,8х19 мм",2]
["Саморез окрашенный с прессшайбой 4,2х13 мм",1]
["Заглушка пластиковая 60*60 мм",8]
["Заглушка пластиковая 80*80 мм",15]
["Заглушка пластиковая 60*40 мм",7]
["Заглушка пластиковая 40*20 мм",3]
["Заглушка пластиковая Домик 60*60 мм ",12]
["Столб 60*60*2 мм. h",210,260]
["Столб 80*80*2 мм. h",270,340]
["Труба профильная 40*20*1,5 мм. l",85,120]
["Доставка по Москве 1500р. (от мкад 20 руб/км)",{"$f":"1500+(Стронг!D36*20)","v":1540}]
["Столб 60*40*2 мм. h",160,208]
["Террасная доска ДИАСДЕК 1ст вельв(А) 140х18 ",175]
["Террасная доска ДИАСДЕК 1ст дер(Б) 140х18 ",175]
["Террасная доска ДИАСДЕК 1ст брош(Б) 140х18 ",175]
["Террасная доска ДИАСДЕК глянец 140х18 ",175]
["Террасная доска ДИАСДЕК 2ст брош 140х18 ",175]
["Террасная доска ДИАСДЕК 2ст дер 140х18 ",175]
["Террасная доска ДИАСДЕК 1ст вельв(А) 140х25 ",210]
["Террасная доска ДИАСДЕК 1ст дер(Б) 140х25 ",210]
["Террасная доска ДИАСДЕК 1ст брош(Б) 140х25 ",210]
["Террасная доска ДИАСДЕК глянец 140х25 ",210]
["Террасная доска ДИАСДЕК 2ст брош 140х25 ",210]
["Террасная доска ДИАСДЕК 2ст дер 140х25 ",210]
["Кляймер стартовый 140х18 №7",15]
["Кляймер рядовой 140х18 №7",15]
["Кляймер стартовый 140х25 №10",15]
["Кляймер рядовой 140х25 №7",15]
["Угол ДПК 35х75",760]
["Лага монтажная ДПК 40х50",640]
["Ворота (к-с)( м)h2м+2 столба h3,15 м.80*80*2",4200,5800]
["Ворота (к-с)( м)h2,2м+2 столба h3,4 м.80*80*2",5200,6950]
["Ворота (к-с)( м)h2,5м+2 столба h3,7 м.80*80*2",5800,7800]
["Калитка (к-с)( 1 м)h2м+1 столб h3,15 м.80*80*2",2100,2900]
["Калитка (к-с)( 1 м)h2,2м+1 столб h3,4 м.80*80*2",2350,3250]
["Калитка (к-с)( 1 м)h2,5м+1 столб h3,7 м.80*80*2",2750,3750]
["Комплектующие для стяжки ворот с монтажом",250]
["Запорное устройство на ворота (гусь)",300]
["Ручка на калитку двухсторонная",150]
["Задвижка на калитку с ушками для замка",150]
["П-образная планка (декоративная) l",55]
["Винтовая свая 57 мм",{"$f":"IF(Стронг!D36=1,Лист1!B2,IF(Стронг!D36=1.5,Лист1!B3,IF(Стронг!D36=1.8,Лист1!B4,IF(Стронг!D36=2,Лист1!B5,IF(Стронг!D36=2.5,Лист1!B6,IF(Стронг!D36=3,Лист1!B7,IF(Стронг!D36=3.5,Лист1!B8,IF(Стронг!D36=4,Лист1!B9,IF(Стронг!D36=4.5,Лист1!B10,IF(Стронг!D36=5,Лист1!B11,IF(Стронг!D36=5.5,Лист1!B12,IF(Стронг!D36=6,Лист1!B13))))))))))))","v":760}]
["Винтовая свая 76 мм",{"$f":"IF(Стронг!D36=1,Лист1!D2,IF(Стронг!D36=1.5,Лист1!D3,IF(Стронг!D36=1.8,Лист1!D4,IF(Стронг!D36=2,Лист1!D5,IF(Стронг!D36=2.5,Лист1!D6,IF(Стронг!D36=3,Лист1!D7,IF(Стронг!D36=3.5,Лист1!D8,IF(Стронг!D36=4,Лист1!D9,IF(Стронг!D36=4.5,Лист1!D10,IF(Стронг!D36=5,Лист1!D11,IF(Стронг!D36=5.5,Лист1!D12,IF(Стронг!D36=6,Лист1!D13))))))))))))","v":980}]
["Винтовая свая 89 мм",{"$f":"IF(Стронг!D36=1,Лист1!F2,IF(Стронг!D36=1.5,Лист1!F3,IF(Стронг!D36=1.8,Лист1!F4,IF(Стронг!D36=2,Лист1!F5,IF(Стронг!D36=2.5,Лист1!F6,IF(Стронг!D36=3,Лист1!F7,IF(Стронг!D36=3.5,Лист1!F8,IF(Стронг!D36=4,Лист1!F9,IF(Стронг!D36=4.5,Лист1!F10,IF(Стронг!D36=5,Лист1!F11,IF(Стронг!D36=5.5,Лист1!F12,IF(Стронг!D36=6,Лист1!F13))))))))))))","v":1010}]
["Винтовая свая 108 мм",{"$f":"IF(Стронг!D36=1,Лист1!H2,IF(Стронг!D36=1.5,Лист1!H3,IF(Стронг!D36=1.8,Лист1!H4,IF(Стронг!D36=2,Лист1!H5,IF(Стронг!D36=2.5,Лист1!H6,IF(Стронг!D36=3,Лист1!H7,IF(Стронг!D36=3.5,Лист1!H8,IF(Стронг!D36=4,Лист1!H9,IF(Стронг!D36=4.5,Лист1!H10,IF(Стронг!D36=5,Лист1!H11,IF(Стронг!D36=5.5,Лист1!H12,IF(Стронг!D36=6,Лист1!H13))))))))))))","v":1270}]
["Винтовая свая 108*4,0 мм",{"$f":"IF(Стронг!D36=1,Лист1!J2,IF(Стронг!D36=1.5,Лист1!J3,IF(Стронг!D36=1.8,Лист1!J4,IF(Стронг!D36=2,Лист1!J5,IF(Стронг!D36=2.5,Лист1!J6,IF(Стронг!D36=3,Лист1!J7,IF(Стронг!D36=3.5,Лист1!J8,IF(Стронг!D36=4,Лист1!J9,IF(Стронг!D36=4.5,Лист1!J10,IF(Стронг!D36=5,Лист1!J11,IF(Стронг!D36=5.5,Лист1!J12,IF(Стронг!D36=6,Лист1!J13))))))))))))","v":1480}]
["Винтовая свая 133 мм",{"$f":"IF(Стронг!D36=1,Лист1!L2,IF(Стронг!D36=1.5,Лист1!L3,IF(Стронг!D36=1.8,Лист1!L4,IF(Стронг!D36=2,Лист1!L5,IF(Стронг!D36=2.5,Лист1!L6,IF(Стронг!D36=3,Лист1!L7,IF(Стронг!D36=3.5,Лист1!L8,IF(Стронг!D36=4,Лист1!L9,IF(Стронг!D36=4.5,Лист1!L10,IF(Стронг!D36=5,Лист1!L11,IF(Стронг!D36=5.5,Лист1!L12,IF(Стронг!D36=6,Лист1!L13))))))))))))","v":1830}]
["Оголовок для сваи 57 мм",{"$f":"Лист1!B15","v":150}]
["Оголовок для сваи 76 мм",{"$f":"Лист1!B16","v":150}]
["Оголовок для сваи 89 мм",{"$f":"Лист1!B17","v":200}]
["Оголовок для сваи 108 мм",{"$f":"Лист1!B18","v":200}]
["Оголовок для сваи 133 мм",{"$f":"Лист1!B19","v":250}]
["Профнастил двухсторонний С8 0,4мм h",420]
["Профнастил 1-стр Printech С8 0,4мм h",560]
["Профнастил 2-стр Printech С8 0,4мм h",620]
["Двигатель CAME-78 с функцией \"СТОП\"",26000]
["Каркас для откатных ворот 3000х1500",25000]
["Каркас для откатных ворот 3500х1500",26000]
["Каркас для откатных ворот 4000х1500",27000]
["Каркас для откатных ворот 4500х1500",28000]
["Фотоэлементы для автоматических ворот",4000]
["Пульт дистанционного управления",1200]
["Кронштейн забора наружный 40х60х174",45]
["Кронштейн забора внутренний 40х60х174",45]
["Соединитель профиля 40х120",30]

{"sheet":"Лист1","index":2,"n_rows":20,"n_cols":12,"rows_kept":20,"cut":false,"hidden":false,"merged":[[0,8,0,9],[0,10,0,11],[13,0,13,1],[13,2,13,3],[13,4,13,5],[13,6,13,7],[0,0,0,1],[0,2,0,3],[0,4,0,5],[0,6,0,7]]}
["Свая ⌀57*3мм нагр1,5т",null,"Свая ⌀76*3мм     2,5т",null,"Свая ⌀89*3,5мм     3т",null,"Свая ⌀108*3,5мм     5т",null,"Свая ⌀108*4мм     5т",null,"Свая ⌀133*4мм     8т"]
["h1,0м",560,"h1,0м",710,"h1,0м",710,"h1,0м",920,"h1,0м",1040,"h1,0м",1320]
["h1,5м",660,"h1,5м",850,"h1,5м",870,"h1,5м",1110,"h1,5м",1270,"h1,5м",1590]
["h1,8м",710,"h1,8м",910,"h1,8м",940,"h1,8м",1180,"h1,8м",1370,"h1,8м",1700]
["h2,0м",760,"h2,0м",980,"h2,0м",1010,"h2,0м",1270,"h2,0м",1480,"h2,0м",1830]
["h2,5м",890,"h2,5м",1150,"h2,5м",1200,"h2,5м",1490,"h2,5м",1740,"h2,5м",2150]
["h3,0м",1020,"h3,0м",1320,"h3,0м",1390,"h3,0м",1710,"h3,0м",2010,"h3,0м",2480]
["h3,5м",1150,"h3,5м",1490,"h3,5м",1570,"h3,5м",1930,"h3,5м",2280,"h3,5м",2800]
["h4,0м",1280,"h4,0м",1660,"h4,0м",1760,"h4,0м",2150,"h4,0м",2550,"h4,0м",3120]
["h4,5м",1410,"h4,5м",1830,"h4,5м",1940,"h4,5м",2370,"h4,5м",2810,"h4,5м",3440]
["h5,0м",1540,"h5,0м",2010,"h5,0м",2130,"h5,0м",2600,"h5,0м",3080,"h5,0м",3770]
["h5,5м",1670,"h5,5м",2180,"h5,5м",2320,"h5,5м",2820,"h5,5м",3350,"h5,5м",4090]
["h6,0м",1800,"h6,0м",2350,"h6,0м",2500,"h6,0м",3040,"h6,0м",3620,"h6,0м",4410]
["Оголовки",null,"Лопасти",null,"Соединительная втулка 0,3 м.",null,"Удлинение 1 м."]
["⌀57  150*4",150,"⌀57  200*4",110,"⌀57  30см.",130,"⌀57  1м.",280]
["⌀76  150*4",150,"⌀76  250*4",150,"⌀76  30см.",160,"⌀76  1м.",360]
["⌀89  200*4",200,"⌀89  250*4",160,"⌀89  30см.",170,"⌀89  1м.",400]
["⌀108  200*4",200,"⌀108  300*5",250,"⌀108  30см.",200,"⌀108  1м.",460]
["⌀133  250*4",250,"⌀133  350*5",350,"⌀108*4  30см.",230,"⌀108*4  30см.",550]
[null,null,null,null,"⌀133  30см.",320,"⌀133  1м.",680]